{"id":1367,"date":"2020-03-07T21:13:14","date_gmt":"2020-03-07T18:13:14","guid":{"rendered":"https:\/\/dogal-tarim.org\/?page_id=1367"},"modified":"2020-08-16T22:47:31","modified_gmt":"2020-08-16T19:47:31","slug":"gonulluluk","status":"publish","type":"page","link":"https:\/\/dogal-tarim.org\/index.php\/gonulluluk\/","title":{"rendered":"G\u00f6n\u00fcll\u00fcl\u00fck"},"content":{"rendered":"\n<p class=\"wp-block-paragraph\">2020 y\u0131l\u0131 g\u00f6n\u00fcll\u00fc kontenjan\u0131 dolmu\u015ftur. <\/p>\n\n\n\n<p class=\"wp-block-paragraph\">Edessa Do\u011fal Tar\u0131m Merkezi \/ Yunanistan g\u00f6n\u00fcll\u00fcl\u00fck ba\u015fvurusu.<\/p>\n\n\n\n<p class=\"wp-block-paragraph\">Yaz d\u00f6neminde Edessa&#8217;ya, do\u011fal tar\u0131m \u00e7iftli\u011fine gelmek isteyen g\u00f6n\u00fcll\u00fcler ar\u0131yoruz.<\/p>\n\n\n\n<p class=\"wp-block-paragraph\">Fiziki imkanlar k\u0131s\u0131tl\u0131d\u0131r. Elektrik ve s\u0131cak su g\u00fcne\u015f panelleri ile kar\u015f\u0131lanmaktad\u0131r.<\/p>\n\n\n\n<p class=\"wp-block-paragraph\">\u00c7ama\u015f\u0131rlar\u0131m\u0131z\u0131 elde y\u0131k\u0131yoruz. G\u00fcne\u015f do\u011fduktan batana kadar \u00e7iftlikteyiz. Ak\u015famlar\u0131 da do\u011fal \u00fcz\u00fcm suyu e\u015fli\u011finde sohbetler, muhabbetler ediyoruz.<\/p>\n\n\n\n<p class=\"wp-block-paragraph\">Topra\u011f\u0131 s\u00fcrmeden, hi\u00e7bir kimyasal kullanmadan, yabani otlarla m\u00fccadele etmeden, a\u011fa\u00e7lar\u0131 budamadan, tohum toplar\u0131 ile uygulanan bu tar\u0131m\u0131 kendi g\u00f6zlerinizle g\u00f6rmek ve ellerinizle dokunmak istiyorsan\u0131z ba\u015fvurabilirsiniz.<\/p>\n\n\n\n<p class=\"wp-block-paragraph\">Do\u011fal g\u0131dalarla beslenip, bir hurma a\u011fac\u0131n\u0131n alt\u0131nda uzanarak, \u015fark\u0131lar m\u0131r\u0131ldanarak ge\u00e7irece\u011finiz saatler ve ard\u0131ndan sadece kolunuzu uzat\u0131p yiyebilece\u011finiz do\u011fal hurmalar&#8230; \u015eark\u0131lar s\u00f6yleyen ku\u015flar ve ya\u015fayan bir toprak.<\/p>\n\n\n\n<p class=\"wp-block-paragraph\">Yedi\u011fimiz t\u00fcm g\u0131dalar\u0131 kendimiz \u00fcretiyoruz, ayn\u0131 \u015fekilde siz de kendiniz \u00fcreteceksiniz. Arzular\u0131m\u0131za g\u00f6re de\u011fil, do\u011fan\u0131n verdiklerine g\u00f6re besleniyoruz.<\/p>\n\n\n\n<p class=\"wp-block-paragraph\"><\/p>\n","protected":false},"excerpt":{"rendered":"<p>2020 y\u0131l\u0131 g\u00f6n\u00fcll\u00fc kontenjan\u0131 dolmu\u015ftur. Edessa Do\u011fal Tar\u0131m Merkezi \/ Yunanistan g\u00f6n\u00fcll\u00fcl\u00fck ba\u015fvurusu. Yaz d\u00f6neminde [&hellip;]<\/p>\n","protected":false},"author":2,"featured_media":0,"parent":0,"menu_order":0,"comment_status":"closed","ping_status":"closed","template":"","meta":{"_monsterinsights_skip_tracking":false,"footnotes":""},"class_list":["post-1367","page","type-page","status-publish","hentry"],"_links":{"self":[{"href":"https:\/\/dogal-tarim.org\/index.php\/wp-json\/wp\/v2\/pages\/1367","targetHints":{"allow":["GET"]}}],"collection":[{"href":"https:\/\/dogal-tarim.org\/index.php\/wp-json\/wp\/v2\/pages"}],"about":[{"href":"https:\/\/dogal-tarim.org\/index.php\/wp-json\/wp\/v2\/types\/page"}],"author":[{"embeddable":true,"href":"https:\/\/dogal-tarim.org\/index.php\/wp-json\/wp\/v2\/users\/2"}],"replies":[{"embeddable":true,"href":"https:\/\/dogal-tarim.org\/index.php\/wp-json\/wp\/v2\/comments?post=1367"}],"version-history":[{"count":5,"href":"https:\/\/dogal-tarim.org\/index.php\/wp-json\/wp\/v2\/pages\/1367\/revisions"}],"predecessor-version":[{"id":5296,"href":"https:\/\/dogal-tarim.org\/index.php\/wp-json\/wp\/v2\/pages\/1367\/revisions\/5296"}],"wp:attachment":[{"href":"https:\/\/dogal-tarim.org\/index.php\/wp-json\/wp\/v2\/media?parent=1367"}],"curies":[{"name":"wp","href":"https:\/\/api.w.org\/{rel}","templated":true}]}}

Gönüllülük

<p class="wp-block-paragraph">2020 yılı gönüllü kontenjanı dolmuştur. </p>



<p class="wp-block-paragraph">Edessa Doğal Tarım Merkezi / Yunanistan gönüllülük başvurusu.</p>



<p class="wp-block-paragraph">Yaz döneminde Edessa&#8217;ya, doğal tarım çiftliğine gelmek isteyen gönüllüler arıyoruz.</p>



<p class="wp-block-paragraph">Fiziki imkanlar kısıtlıdır. Elektrik ve sıcak su güneş panelleri ile karşılanmaktadır.</p>



<p class="wp-block-paragraph">Çamaşırlarımızı elde yıkıyoruz. Güneş doğduktan batana kadar çiftlikteyiz. Akşamları da doğal üzüm suyu eşliğinde sohbetler, muhabbetler ediyoruz.</p>



<p class="wp-block-paragraph">Toprağı sürmeden, hiçbir kimyasal kullanmadan, yabani otlarla mücadele etmeden, ağaçları budamadan, tohum topları ile uygulanan bu tarımı kendi gözlerinizle görmek ve ellerinizle dokunmak istiyorsanız başvurabilirsiniz.</p>



<p class="wp-block-paragraph">Doğal gıdalarla beslenip, bir hurma ağacının altında uzanarak, şarkılar mırıldanarak geçireceğiniz saatler ve ardından sadece kolunuzu uzatıp yiyebileceğiniz doğal hurmalar&#8230; Şarkılar söyleyen kuşlar ve yaşayan bir toprak.</p>



<p class="wp-block-paragraph">Yediğimiz tüm gıdaları kendimiz üretiyoruz, aynı şekilde siz de kendiniz üreteceksiniz. Arzularımıza göre değil, doğanın verdiklerine göre besleniyoruz.</p>



<p class="wp-block-paragraph"></p>

<p>2020 yılı gönüllü kontenjanı dolmuştur. Edessa Doğal Tarım Merkezi / Yunanistan gönüllülük başvurusu. Yaz döneminde [&hellip;]</p>
